*2 - 3*j - 4. What are the prime factors of y(a)?
2, 7
Let d = -13 - -27. What are the prime factors of d?
2, 7
Let n be (-2)/(-6) - 32/(-12). Suppose -n*h + 2 = -z, -2 = 3*h + 4*z + 6. Suppose 2*q + h*q - 22 = 2*j, 0 = 3*q + j - 21. List the prime factors of q.
2
Let j = -1 - 0. Let z = 45 - j. Let w = z + -33. List the prime factors of w.
13
Suppose 2*g - 13 = -u + 13, 0 = 5*u + 5*g - 130. List the prime factors of u.
2, 13
Suppose -3*a + 5*l + 167 = 0, a - l - 45 = -2*l. List the prime factors of a.
7
Let a(s) = 3*s**3 - 2*s**2 + 1. Let t be a(-1). Let d(u) = u**2 + 1. Let j(c) = -5*c**2 - c - 3. Let v(i) = -4*d(i) - j(i). What are the prime factors of v(t)?
11
Let p(r) = -r**2 + 4*r + 1. Let z be p(3). Suppose 2*g + 60 = 4*v + 2, 0 = -3*v - z*g + 16. List the prime factors of v.
2, 3
Let w(f) = -6*f + 1. Let y be w(-1). Suppose -u + 6 = 2*d, u - 2*d = -1 + y. Suppose 4*k = t + 35, u - 1 = t. List the prime factors of k.
2, 5
Let t be (-6)/10*(-20)/4. Let u(c) = 2 - 3*c + 2*c**2 + 1 - 2. What are the prime factors of u(t)?
2, 5
Let s be 5*1/(-4)*-4. Suppose 2*q - s*v + 1 - 15 = 0, -58 = -5*q + v. Suppose -2*j = q - 28. List the prime factors of j.
2
Suppose -o + 2*o - 114 = 0. What are the prime factors of o?
2, 3, 19
Suppose -22*t + 130 = -21*t. What are the prime factors of t?
2, 5, 13
Let w(a) = -a + 9. Let r be w(5). Let h = -2 + r. What are the prime factors of (-4)/8 + 11/h?
5
Let j(s) = 24*s - 12*s + 8 - 13*s. List the prime factors of j(-6).
2, 7
Let c(w) = -w + 9. Let v be c(10). Let u(s) = -s**3 - 4*s**2 + s + 2. Let r be u(-4). What are the prime factors of v - (-4 + 1 + r)?
2
Let n be (-6)/(6/2) - -4. Let x be (-72)/(-5 + n) + 3. Suppose -3*i + x = 3. What are the prime factors of i?
2
Let k be 4/(-8) + (-75)/6. What are the prime factors of (-1)/2*k*2?
13
Let b(x) = 7*x**2 - 7. List the prime factors of b(-4).
3, 5, 7
Suppose 0 = -5*o - 2*b + 356, -3*o - b + 6*b = -195. What are the prime factors of o?
2, 5, 7
Let n(j) = -5*j**2 + 6*j + 1. Let i(o) = -6*o**2 + 7*o + 2. Let d(q) = 4*i(q) - 5*n(q). List the prime factors of d(-4).
3
Suppose p - 6*p = 4*q - 109, 2*q = 5*p - 133. Let o = p + -15. What are the prime factors of o?
2, 5
Suppose 0*s = 3*s - 12. Suppose 5*f + r - 9 = 0, f = -0*f - s*r - 2. What are the prime factors of (3 - f)/(2/10)?
5
What are the prime factors of 222/2 + (28 - 30)?
109
Suppose 4*n + 3*n = 126. What are the prime factors of n?
2, 3
What are the prime factors of (-2)/(-7) - (-390)/7?
2, 7
Let o(m) be the first derivative of m**3/3 + 9*m**2/2 - 4*m - 3. List the prime factors of o(-10).
2, 3
Let h(a) = -a + 1. Let p be h(3). Suppose 2*d + 41 = g, 18 = -3*d - 4*g - 27. Let k = p - d. What are the prime factors of k?
17
Let q = -9 - -24. Let w be -1*q/(-3 - -6). Let c(n) = -2*n. What are the prime factors of c(w)?
2, 5
Let p = 595 - 410. List the prime factors of p.
5, 37
Let f(l) = -l**2 - 3*l. Let t be f(-3). Suppose -n + c = -5, -3*c - 1 + t = 4*n. Let z = 4 - n. What are the prime factors of z?
2
What are the prime factors of (0 - 12/(-4))*(-200)/(-6)?
2, 5
Suppose 0 = a + h - 1 - 7, -2*a - 4 = -2*h. List the prime factors of a*2 + 1 + -3.
2
Let w(t) = 7*t - 1. Let c be w(3). Suppose b + c = 6*b. What are the prime factors of b/(-6) + 70/6?
11
Let g be 28 + (1 - (1 + -2)). Suppose -3*k - 2*k = -g. What are the prime factors of k/33 - 53/(-11)?
5
List the prime factors of (-2)/4*(-60)/5.
2, 3
Let m(g) = -8*g + 1. List the prime factors of m(-2).
17
Let f(u) = 6*u**2 + 3*u + 10. What are the prime factors of f(-5)?
5, 29
Suppose -4*k + 302 + 306 = 0. What are the prime factors of k?
2, 19
Suppose -8*i = -9*i + 23. What are the prime factors of i?
23
Let t(b) = -b**3 - 7*b**2 - b - 10. Let s be t(-7). List the prime factors of (s/(-3))/(1/17).
17
List the prime factors of (-6*(-49)/(-8))/((-6)/16).
2, 7
List the prime factors of 2 - -192 - (0/4 - 2).
2, 7
Suppose 0 = 3*n + 3*t - 102, t - 174 = -4*n - n. Suppose -3*s + n = 2. List the prime factors of s.
11
Let p(j) = j**2 + 10*j + 9. Let l be p(-9). Suppose l = 2*z - 20 - 40. List the prime factors of z.
2, 3, 5
Let f = 2 - 5. Let r = 7 + f. List the prime factors of r.
2
Let j be 438/24 + (-6)/(-8). Suppose 3*m - j = -91. What are the prime factors of 3/18 + (-260)/m?
11
Let r = 4 - 27. Let w = r + 33. What are the prime factors of w?
2, 5
Let i(g) = g**3 + 5*g**2 - 2*g + 5. Let p be i(-6). Let n = 27 + 0. Let k = p + n. List the prime factors of k.
2
Let g(t) = t**3 + 6*t**2 - 9*t - 10. Let q be g(-7). Suppose 0 = q*j + 4 - 56. List the prime factors of j.
13
Let b = -2 - -4. Suppose -7*w + 2*w - 10 = 0. List the prime factors of (-23)/w - (-1)/b.
2, 3
Suppose -4*c + 1 = -3. Let t = c + 5. List the prime factors of t.
2, 3
Suppose 20 = 4*n + 8. Let i(f) = -n - 2*f + 7 - 3. What are the prime factors of i(-2)?
5
Let i(a) = a**2 - 4*a + 1. List the prime factors of i(8).
3, 11
Suppose -8 = -4*o + 12. Suppose 3*g = -2*c + 8, 0 = -g + o*g - c + 4. Suppose g = -5*j + 1 + 24. What are the prime factors of j?
5
Let a = 208 + -125. What are the prime factors of a?
83
Suppose 5*i - 103 = -8. What are the prime factors of i?
19
Suppose 0 = 5*s + 25, -s + 14 = v - 101. List the prime factors of v.
2, 3, 5
Suppose 4*h = 3*q + 193, -5*h - 2*q + 4*q + 236 = 0. List the prime factors of h.
2, 23
Suppose 0 = -5*s - 5 + 25. Suppose -t - 32 = 4*y - 4, 4*y - s*t = -48. Let u = y - -12. List the prime factors of u.
2
List the prime factors of (-20)/(-8)*-1*(-2)/1.
5
Suppose 14*l + 125 = 9*l. What are the prime factors of (l/4)/((-3)/12)?
5
Suppose r = 4*o + 21, -2*r - 2*r - 4*o = -164. List the prime factors of r.
37
Suppose -3*n = -0*n - 126. Suppose -3*g - 4 = -3*t + 2*t, g = -4*t + n. List the prime factors of t.
2, 5
Let f = 106 - -30. List the prime factors of f.
2, 17
Suppose 246 = 5*q - 2*g, -5*q + 2*g + 2*g = -242. Suppose -5*p + q = -5*j, -5*p - 6*j + j = 0. Suppose 65 = p*t - 0*t. List the prime factors of t.
13
Suppose 0 = 4*k - 2*c - 342, -5*k + 3*c + 98 = -4*k. What are the prime factors of k?
83
Let q be 1 - 6*1/2*-1. Let b = -9 + 17. Let f = b + q. List the prime factors of f.
2, 3
Let o(w) = -w**3 + 5*w**2 - w. Let q be o(4). Suppose -2*x = x - q. What are the prime factors of x?
2
Let y = 0 + 3. Suppose t = -5*j + y, 4*t + 39 = 6*t - j. Let f = t + -7. What are the prime factors of f?
11
List the prime factors of (9/(-12)*2 + 1)*-122.
61
Let q(i) = -3*i - 28. Let x(k) = 2*k + 19. Let r(d) = 5*q(d) + 7*x(d). Let p be r(-7). Suppose p = -4*s - s + 15. What are the prime factors of s?
3
Suppose 2*d - 3*x - 10 = -4, 5*d - 15 = 4*x. Suppose 35 = d*y - 10. What are the prime factors of y?
3, 5
Suppose l + 4*q - 3 = 8, -3*l = q - 66. List the prime factors of l.
23
Let u(p) be the first derivative of -p**4/4 + 5*p**3/3 - 3*p**2/2 - 2*p + 1. What are the prime factors of u(4)?
2
Suppose -82 = -3*c + g, 0 = 3*c - g + 2*g - 80. What are the prime factors of c?
3
Let d(b) = -b**2 + 10*b - 10. Let o = 16 - 7. Let z be d(o). List the prime factors of 2/z + 72/6.
2, 5
Let j(s) = 81*s**2. What are the prime factors of j(-1)?
3
Let b(y) = y**3 - 4*y**2 + y - 4. Let q be b(4). Let f(k) = 18*k + 1 - 21*k + 1 + q. What are the prime factors of f(-4)?
2, 7
Let h be 4/(-16)*-22*-2. Suppose 29 = -5*a - 11. Let u = a - h. List the prime factors of u.
3
Let o = 2 - -3. Suppose -o*r + 12 = 3*y + y, -y = -4*r + 18. List the prime factors of -1*(-4 + -3 + r).
3
Let s(p) = p - 7. Let o(c) = c**3 + 10*c**2 + 8*c. Let i be o(-9). Let d be s(i). Suppose -2*f - 5 + 15 = 3*l, d*l = -4*f + 4. What are the prime factors of l?
2
Let j = 1 - 3. Let i be 0/(-4) + (1 - j). Suppose 0*u + i*u - 21 = 0. What are the prime factors of u?
7
Let g(h) = -27*h + 9. Let u(b) = -7*b + 2. Let y(o) = 2*g(o) - 9*u(o). Suppose 2*l + 2*z = -z + 8, -4*l + 8 = 2*z. What are the prime factors of y(l)?
3
Suppose 0 = 3*j + c - 4, j - 4 = -4*c + c. Suppose 2 = g - j. What are the prime factors of g?
3
Suppose -108 = -3*l - 6. List the prime factors of l.
2, 17
Suppose -5*l + 3*a = -179, 5*a - 108 = -5*l + 87. List the prime factors of l.
37
Suppose -3*i + 36 = -5*j + 2, 20 = 5*i - j. Suppose l = -f - 3*f - 15, 3*f = 4*l + i. List the prime factors of 18/12*(-16)/f.
2
Suppose -3*d - 2*v - 11 = -6*d, -5*v = -25.